{"id":514621,"date":"2026-02-19T16:36:40","date_gmt":"2026-02-19T15:36:40","guid":{"rendered":"https:\/\/2furn.be\/?post_type=product&#038;p=514621"},"modified":"2026-04-27T00:00:22","modified_gmt":"2026-04-26T22:00:22","slug":"brix-dex-b130","status":"publish","type":"product","link":"https:\/\/2furn.be\/fr\/product\/brix-dex-b130\/","title":{"rendered":"Brix Dex B130"},"content":{"rendered":"<p>Le Brix Dex B130 est un bureau rond et tendance avec un plateau en marbre organique. Ce bureau de couleur naturelle est dot\u00e9 d'un plateau en marbre arrondi et se caract\u00e9rise par ses formes rondes et \u00e9l\u00e9gantes. La base de ce bureau tendance est un pied en bois.<span class=\"Apple-converted-space\">\u00a0<\/span><\/p>","protected":false},"excerpt":{"rendered":"<table>\n<tbody>\n<tr>\n<td width=\"110\"><\/td>\n<td width=\"300\"><\/td>\n<\/tr>\n<tr>\n<td width=\"110\">Mat\u00e9riel:<\/td>\n<td width=\"300\">Bois dur durable + marbre<\/td>\n<\/tr>\n<tr>\n<td width=\"110\">Couleur:<\/td>\n<td width=\"300\">Marron (clair) + Beige<\/td>\n<\/tr>\n<tr>\n<td width=\"110\">Finition:<\/td>\n<td width=\"300\">Finition l\u00e9g\u00e8re<\/td>\n<\/tr>\n<\/tbody>\n<\/table>","protected":false},"featured_media":514623,"template":"","meta":{"_seopress_robots_primary_cat":"none","_seopress_titles_title":"Brix Dex 130 | rond, trendy bureau met marmeren blad","_seopress_titles_desc":"Rond, trendy bureau met organisch marmeren blad. Naturel gekleurd bureau met ronde, elegante vormen.","_seopress_robots_index":""},"product_brand":[],"product_cat":[134,54],"product_tag":[52,127,44],"class_list":{"0":"post-514621","1":"product","2":"type-product","3":"status-publish","4":"has-post-thumbnail","6":"product_cat-bureau","7":"product_cat-tafels","8":"product_tag-design-meubelen","9":"product_tag-donkere-finish","10":"product_tag-moderne-meubels","12":"first","13":"instock","14":"taxable","15":"shipping-taxable","16":"purchasable","17":"product-type-variable"},"_links":{"self":[{"href":"https:\/\/2furn.be\/fr\/wp-json\/wp\/v2\/product\/514621","targetHints":{"allow":["GET"]}}],"collection":[{"href":"https:\/\/2furn.be\/fr\/wp-json\/wp\/v2\/product"}],"about":[{"href":"https:\/\/2furn.be\/fr\/wp-json\/wp\/v2\/types\/product"}],"version-history":[{"count":1,"href":"https:\/\/2furn.be\/fr\/wp-json\/wp\/v2\/product\/514621\/revisions"}],"predecessor-version":[{"id":514628,"href":"https:\/\/2furn.be\/fr\/wp-json\/wp\/v2\/product\/514621\/revisions\/514628"}],"wp:featuredmedia":[{"embeddable":true,"href":"https:\/\/2furn.be\/fr\/wp-json\/wp\/v2\/media\/514623"}],"wp:attachment":[{"href":"https:\/\/2furn.be\/fr\/wp-json\/wp\/v2\/media?parent=514621"}],"wp:term":[{"taxonomy":"product_brand","embeddable":true,"href":"https:\/\/2furn.be\/fr\/wp-json\/wp\/v2\/product_brand?post=514621"},{"taxonomy":"product_cat","embeddable":true,"href":"https:\/\/2furn.be\/fr\/wp-json\/wp\/v2\/product_cat?post=514621"},{"taxonomy":"product_tag","embeddable":true,"href":"https:\/\/2furn.be\/fr\/wp-json\/wp\/v2\/product_tag?post=514621"}],"curies":[{"name":"wp","href":"https:\/\/api.w.org\/{rel}","templated":true}]}}

<p>Le Brix Dex B130 est un bureau rond et tendance avec un plateau en marbre organique. Ce bureau de couleur naturelle est doté d'un plateau en marbre arrondi et se caractérise par ses formes rondes et élégantes. La base de ce bureau tendance est un pied en bois.<span class="Apple-converted-space"> </span></p>

<table>
<tbody>
<tr>
<td width="110"></td>
<td width="300"></td>
</tr>
<tr>
<td width="110">Matériel:</td>
<td width="300">Bois dur durable + marbre</td>
</tr>
<tr>
<td width="110">Couleur:</td>
<td width="300">Marron (clair) + Beige</td>
</tr>
<tr>
<td width="110">Finition:</td>
<td width="300">Finition légère</td>
</tr>
</tbody>
</table>
