{"id":514078,"date":"2025-06-14T18:36:21","date_gmt":"2025-06-14T16:36:21","guid":{"rendered":"https:\/\/2furn.be\/?post_type=product&#038;p=514078"},"modified":"2026-04-28T00:00:24","modified_gmt":"2026-04-27T22:00:24","slug":"brix-myl-tr140","status":"publish","type":"product","link":"https:\/\/2furn.be\/fr\/product\/brix-myl-tr140\/","title":{"rendered":"Brix Myl TR140"},"content":{"rendered":"<p>La Brix Myl TR140 est une table de salle \u00e0 manger ronde beige avec plateau en verre. Cette table se caract\u00e9rise par un plateau rond en verre et un design intemporel. La base de cette table de salle \u00e0 manger ronde beige est un pied en m\u00e9tal beige.<\/p>","protected":false},"excerpt":{"rendered":"<table>\n<tbody>\n<tr>\n<td width=\"110\"><\/td>\n<td width=\"300\"><\/td>\n<\/tr>\n<tr>\n<td width=\"110\">Mat\u00e9riel:<\/td>\n<td width=\"300\">Verre + m\u00e9tal<\/td>\n<\/tr>\n<tr>\n<td width=\"110\">Couleur:<\/td>\n<td width=\"300\">Marron (fonc\u00e9) + Beige<\/td>\n<\/tr>\n<tr>\n<td width=\"110\">Finition:<\/td>\n<td width=\"300\">Finition beige<\/td>\n<\/tr>\n<\/tbody>\n<\/table>","protected":false},"featured_media":514077,"template":"","meta":{"_seopress_robots_primary_cat":"none","_seopress_titles_title":"Brix Myl TR140 | beige ronde eettafel met glazen blad","_seopress_titles_desc":"Beige ronde eettafel met glazen blad. Deze tafel is uitgevoerd met een organisch rond glazen blad en tijdloos ontwerp.","_seopress_robots_index":""},"product_brand":[],"product_cat":[55,54],"product_tag":[131,52,44],"class_list":{"0":"post-514078","1":"product","2":"type-product","3":"status-publish","4":"has-post-thumbnail","6":"product_cat-eettafel","7":"product_cat-tafels","8":"product_tag-beige-finish","9":"product_tag-design-meubelen","10":"product_tag-moderne-meubels","12":"first","13":"onbackorder","14":"taxable","15":"shipping-taxable","16":"purchasable","17":"product-type-variable"},"_links":{"self":[{"href":"https:\/\/2furn.be\/fr\/wp-json\/wp\/v2\/product\/514078","targetHints":{"allow":["GET"]}}],"collection":[{"href":"https:\/\/2furn.be\/fr\/wp-json\/wp\/v2\/product"}],"about":[{"href":"https:\/\/2furn.be\/fr\/wp-json\/wp\/v2\/types\/product"}],"version-history":[{"count":0,"href":"https:\/\/2furn.be\/fr\/wp-json\/wp\/v2\/product\/514078\/revisions"}],"wp:featuredmedia":[{"embeddable":true,"href":"https:\/\/2furn.be\/fr\/wp-json\/wp\/v2\/media\/514077"}],"wp:attachment":[{"href":"https:\/\/2furn.be\/fr\/wp-json\/wp\/v2\/media?parent=514078"}],"wp:term":[{"taxonomy":"product_brand","embeddable":true,"href":"https:\/\/2furn.be\/fr\/wp-json\/wp\/v2\/product_brand?post=514078"},{"taxonomy":"product_cat","embeddable":true,"href":"https:\/\/2furn.be\/fr\/wp-json\/wp\/v2\/product_cat?post=514078"},{"taxonomy":"product_tag","embeddable":true,"href":"https:\/\/2furn.be\/fr\/wp-json\/wp\/v2\/product_tag?post=514078"}],"curies":[{"name":"wp","href":"https:\/\/api.w.org\/{rel}","templated":true}]}}

<p>La Brix Myl TR140 est une table de salle à manger ronde beige avec plateau en verre. Cette table se caractérise par un plateau rond en verre et un design intemporel. La base de cette table de salle à manger ronde beige est un pied en métal beige.</p>

<table>
<tbody>
<tr>
<td width="110"></td>
<td width="300"></td>
</tr>
<tr>
<td width="110">Matériel:</td>
<td width="300">Verre + métal</td>
</tr>
<tr>
<td width="110">Couleur:</td>
<td width="300">Marron (foncé) + Beige</td>
</tr>
<tr>
<td width="110">Finition:</td>
<td width="300">Finition beige</td>
</tr>
</tbody>
</table>
