{"id":514072,"date":"2025-06-14T18:29:53","date_gmt":"2025-06-14T16:29:53","guid":{"rendered":"https:\/\/2furn.be\/?post_type=product&#038;p=514072"},"modified":"2026-04-27T00:00:21","modified_gmt":"2026-04-26T22:00:21","slug":"brix-myl-dxxx","status":"publish","type":"product","link":"https:\/\/2furn.be\/fr\/product\/brix-myl-dxxx\/","title":{"rendered":"Brix Myl D140"},"content":{"rendered":"<p>Le Brix Myl D140 est un buffet en verre beige tr\u00e8s tendance. Ce buffet mince est dot\u00e9 d'un plateau en verre. Cette table d'appoint beige tendance avec verre se caract\u00e9rise par la combinaison d'un verre brun fonc\u00e9 et d'une base beige. La base repose sur un pied en m\u00e9tal. Ce meuble est compos\u00e9 de 2 parties.<\/p>\n<p>La s\u00e9rie Brix Myl pr\u00e9sente une finition fonc\u00e9e. Id\u00e9ale pour les int\u00e9rieurs modernes qui allient style et fonctionnalit\u00e9. Faites l'exp\u00e9rience d'une \u00e9l\u00e9gance intemporelle dans votre maison avec la collection exclusive de meubles Brix Myl.<\/p>","protected":false},"excerpt":{"rendered":"<table>\n<tbody>\n<tr>\n<td width=\"110\"><\/td>\n<td width=\"300\"><\/td>\n<\/tr>\n<tr>\n<td width=\"110\">Mat\u00e9riel:<\/td>\n<td width=\"300\">Verre + m\u00e9tal<\/td>\n<\/tr>\n<tr>\n<td width=\"110\">Couleur:<\/td>\n<td width=\"300\">Marron (fonc\u00e9) + Beige<\/td>\n<\/tr>\n<tr>\n<td width=\"110\">Finition:<\/td>\n<td width=\"300\">Finition fonc\u00e9e<\/td>\n<\/tr>\n<\/tbody>\n<\/table>","protected":false},"featured_media":514071,"template":"","meta":{"_seopress_robots_primary_cat":"none","_seopress_titles_title":"Brix Myl D140 | trendy beige sidetable met glas","_seopress_titles_desc":"Trendy beige sidetable met glas. Dit trendy dressoir typeert zich door de combinatie van donkerbruin glas en beige onderstel.","_seopress_robots_index":""},"product_brand":[],"product_cat":[64],"product_tag":[131,52,44],"class_list":{"0":"post-514072","1":"product","2":"type-product","3":"status-publish","4":"has-post-thumbnail","6":"product_cat-dressoirs","7":"product_tag-beige-finish","8":"product_tag-design-meubelen","9":"product_tag-moderne-meubels","11":"first","12":"instock","13":"taxable","14":"shipping-taxable","15":"purchasable","16":"product-type-variable"},"_links":{"self":[{"href":"https:\/\/2furn.be\/fr\/wp-json\/wp\/v2\/product\/514072","targetHints":{"allow":["GET"]}}],"collection":[{"href":"https:\/\/2furn.be\/fr\/wp-json\/wp\/v2\/product"}],"about":[{"href":"https:\/\/2furn.be\/fr\/wp-json\/wp\/v2\/types\/product"}],"version-history":[{"count":0,"href":"https:\/\/2furn.be\/fr\/wp-json\/wp\/v2\/product\/514072\/revisions"}],"wp:featuredmedia":[{"embeddable":true,"href":"https:\/\/2furn.be\/fr\/wp-json\/wp\/v2\/media\/514071"}],"wp:attachment":[{"href":"https:\/\/2furn.be\/fr\/wp-json\/wp\/v2\/media?parent=514072"}],"wp:term":[{"taxonomy":"product_brand","embeddable":true,"href":"https:\/\/2furn.be\/fr\/wp-json\/wp\/v2\/product_brand?post=514072"},{"taxonomy":"product_cat","embeddable":true,"href":"https:\/\/2furn.be\/fr\/wp-json\/wp\/v2\/product_cat?post=514072"},{"taxonomy":"product_tag","embeddable":true,"href":"https:\/\/2furn.be\/fr\/wp-json\/wp\/v2\/product_tag?post=514072"}],"curies":[{"name":"wp","href":"https:\/\/api.w.org\/{rel}","templated":true}]}}

<p>Le Brix Myl D140 est un buffet en verre beige très tendance. Ce buffet mince est doté d'un plateau en verre. Cette table d'appoint beige tendance avec verre se caractérise par la combinaison d'un verre brun foncé et d'une base beige. La base repose sur un pied en métal. Ce meuble est composé de 2 parties.</p>
<p>La série Brix Myl présente une finition foncée. Idéale pour les intérieurs modernes qui allient style et fonctionnalité. Faites l'expérience d'une élégance intemporelle dans votre maison avec la collection exclusive de meubles Brix Myl.</p>

<table>
<tbody>
<tr>
<td width="110"></td>
<td width="300"></td>
</tr>
<tr>
<td width="110">Matériel:</td>
<td width="300">Verre + métal</td>
</tr>
<tr>
<td width="110">Couleur:</td>
<td width="300">Marron (foncé) + Beige</td>
</tr>
<tr>
<td width="110">Finition:</td>
<td width="300">Finition foncée</td>
</tr>
</tbody>
</table>
