{"id":513947,"date":"2025-06-13T21:39:13","date_gmt":"2025-06-13T19:39:13","guid":{"rendered":"https:\/\/2furn.be\/?post_type=product&#038;p=513947"},"modified":"2026-04-27T00:00:19","modified_gmt":"2026-04-26T22:00:19","slug":"brix-nov-sr70","status":"publish","type":"product","link":"https:\/\/2furn.be\/fr\/product\/brix-nov-sr70\/","title":{"rendered":"Brix Nov SR70"},"content":{"rendered":"<p>La Brix Nov SR70 est une table basse ronde en marbre et bois. Cette table est dot\u00e9e d'un \u00e9l\u00e9gant plateau en marbre et se caract\u00e9rise par un pied rond en bois avec des lattes. La base de cette table basse ronde en marbre et bois est un pied en bois.<\/p>\n<p>La s\u00e9rie Brix Nov est propos\u00e9e avec un plateau en marbre blanc ou noir. Id\u00e9ale pour les int\u00e9rieurs modernes qui allient style et fonctionnalit\u00e9. D\u00e9couvrez l'\u00e9l\u00e9gance intemporelle dans votre maison avec la collection exclusive de meubles Brix Nov.<\/p>","protected":false},"excerpt":{"rendered":"<table>\n<tbody>\n<tr>\n<td width=\"110\"><\/td>\n<td width=\"300\"><\/td>\n<\/tr>\n<tr>\n<td width=\"110\">Mat\u00e9riel:<\/td>\n<td width=\"300\">Bois dur durable + marbre<\/td>\n<\/tr>\n<tr>\n<td width=\"110\">Couleur:<\/td>\n<td width=\"300\">Marron + Blanc \/ Noir<\/td>\n<\/tr>\n<tr>\n<td width=\"110\">Finition:<\/td>\n<td width=\"300\">Finition l\u00e9g\u00e8re<\/td>\n<\/tr>\n<\/tbody>\n<\/table>\n<p>&nbsp;<\/p>","protected":false},"featured_media":513946,"template":"","meta":{"_seopress_robots_primary_cat":"none","_seopress_titles_title":"Brix Nov SR70 | ronde salontafel met marmer en hout","_seopress_titles_desc":"Ronde salontafel met marmer en hout. Deze tafel is uitgevoerd met een stijlvol marmeren blad en ronde houten poot met latjes","_seopress_robots_index":""},"product_brand":[],"product_cat":[63,62,54],"product_tag":[52,126,44],"class_list":{"0":"post-513947","1":"product","2":"type-product","3":"status-publish","4":"has-post-thumbnail","6":"product_cat-bijzettafel","7":"product_cat-salontafel","8":"product_cat-tafels","9":"product_tag-design-meubelen","10":"product_tag-lichte-finish","11":"product_tag-moderne-meubels","13":"first","14":"instock","15":"taxable","16":"shipping-taxable","17":"purchasable","18":"product-type-variable"},"_links":{"self":[{"href":"https:\/\/2furn.be\/fr\/wp-json\/wp\/v2\/product\/513947","targetHints":{"allow":["GET"]}}],"collection":[{"href":"https:\/\/2furn.be\/fr\/wp-json\/wp\/v2\/product"}],"about":[{"href":"https:\/\/2furn.be\/fr\/wp-json\/wp\/v2\/types\/product"}],"version-history":[{"count":0,"href":"https:\/\/2furn.be\/fr\/wp-json\/wp\/v2\/product\/513947\/revisions"}],"wp:featuredmedia":[{"embeddable":true,"href":"https:\/\/2furn.be\/fr\/wp-json\/wp\/v2\/media\/513946"}],"wp:attachment":[{"href":"https:\/\/2furn.be\/fr\/wp-json\/wp\/v2\/media?parent=513947"}],"wp:term":[{"taxonomy":"product_brand","embeddable":true,"href":"https:\/\/2furn.be\/fr\/wp-json\/wp\/v2\/product_brand?post=513947"},{"taxonomy":"product_cat","embeddable":true,"href":"https:\/\/2furn.be\/fr\/wp-json\/wp\/v2\/product_cat?post=513947"},{"taxonomy":"product_tag","embeddable":true,"href":"https:\/\/2furn.be\/fr\/wp-json\/wp\/v2\/product_tag?post=513947"}],"curies":[{"name":"wp","href":"https:\/\/api.w.org\/{rel}","templated":true}]}}

<p>La Brix Nov SR70 est une table basse ronde en marbre et bois. Cette table est dotée d'un élégant plateau en marbre et se caractérise par un pied rond en bois avec des lattes. La base de cette table basse ronde en marbre et bois est un pied en bois.</p>
<p>La série Brix Nov est proposée avec un plateau en marbre blanc ou noir. Idéale pour les intérieurs modernes qui allient style et fonctionnalité. Découvrez l'élégance intemporelle dans votre maison avec la collection exclusive de meubles Brix Nov.</p>

<table>
<tbody>
<tr>
<td width="110"></td>
<td width="300"></td>
</tr>
<tr>
<td width="110">Matériel:</td>
<td width="300">Bois dur durable + marbre</td>
</tr>
<tr>
<td width="110">Couleur:</td>
<td width="300">Marron + Blanc / Noir</td>
</tr>
<tr>
<td width="110">Finition:</td>
<td width="300">Finition légère</td>
</tr>
</tbody>
</table>
<p>&nbsp;</p>
