{"id":513818,"date":"2025-06-11T20:56:54","date_gmt":"2025-06-11T18:56:54","guid":{"rendered":"https:\/\/2furn.be\/?post_type=product&#038;p=513818"},"modified":"2026-04-27T00:00:21","modified_gmt":"2026-04-26T22:00:21","slug":"mic","status":"publish","type":"product","link":"https:\/\/2furn.be\/fr\/product\/mic\/","title":{"rendered":"Micro"},"content":{"rendered":"<p>La s\u00e9rie Mic est une chaise de salle \u00e0 manger au design scandinave qui respire la classe. Cette chaise de salle \u00e0 manger pr\u00e9sente un dossier incurv\u00e9, une assise confortable et des pieds fins. La base de cette chaise de salle \u00e0 manger au design scandinave est un pied en bois minimaliste.<\/p>\n<p>Id\u00e9al pour les int\u00e9rieurs modernes qui allient style et fonctionnalit\u00e9. Faites l'exp\u00e9rience d'une \u00e9l\u00e9gance intemporelle dans votre maison avec la collection exclusive de meubles Mic. Cette chaise de salle \u00e0 manger s'associe parfaitement \u00e0 notre collection de tables tendance.<\/p>","protected":false},"excerpt":{"rendered":"<table>\n<tbody>\n<tr>\n<td width=\"110\"><\/td>\n<td width=\"300\"><\/td>\n<\/tr>\n<tr>\n<td width=\"110\">Mat\u00e9riel:<\/td>\n<td width=\"300\">Tissu<\/td>\n<\/tr>\n<tr>\n<td width=\"110\">Ch\u00e2ssis:<\/td>\n<td width=\"300\">Pieds en bois<\/td>\n<\/tr>\n<tr>\n<td width=\"110\">Largeur:<\/td>\n<td width=\"300\">55 cm (Z:50)<\/td>\n<\/tr>\n<tr>\n<td width=\"110\">Hauteur:<\/td>\n<td width=\"300\">78 cm (Z:49 | A :)<\/td>\n<\/tr>\n<tr>\n<td width=\"110\">Profondeur:<\/td>\n<td width=\"300\">58 cm (Z:46)<\/td>\n<\/tr>\n<\/tbody>\n<\/table>\n<p>&nbsp;<\/p>","protected":false},"featured_media":513642,"template":"","meta":{"_seopress_robots_primary_cat":"none","_seopress_titles_title":"Mic | Scandinavisch design eetkamerstoel","_seopress_titles_desc":"Scandinavisch design eetkamerstoel die klasse uitstraalt. Deze eetkamerstoel is uitgevoerd met een gebogen rugleuning en slanke poten.","_seopress_robots_index":""},"product_brand":[],"product_cat":[86,56],"product_tag":[52,78,44],"class_list":{"0":"post-513818","1":"product","2":"type-product","3":"status-publish","4":"has-post-thumbnail","6":"product_cat-eetkamerstoelen","7":"product_cat-stoelen","8":"product_tag-design-meubelen","9":"product_tag-metaal","10":"product_tag-moderne-meubels","12":"first","13":"instock","14":"taxable","15":"shipping-taxable","16":"purchasable","17":"product-type-variable"},"_links":{"self":[{"href":"https:\/\/2furn.be\/fr\/wp-json\/wp\/v2\/product\/513818","targetHints":{"allow":["GET"]}}],"collection":[{"href":"https:\/\/2furn.be\/fr\/wp-json\/wp\/v2\/product"}],"about":[{"href":"https:\/\/2furn.be\/fr\/wp-json\/wp\/v2\/types\/product"}],"version-history":[{"count":0,"href":"https:\/\/2furn.be\/fr\/wp-json\/wp\/v2\/product\/513818\/revisions"}],"wp:featuredmedia":[{"embeddable":true,"href":"https:\/\/2furn.be\/fr\/wp-json\/wp\/v2\/media\/513642"}],"wp:attachment":[{"href":"https:\/\/2furn.be\/fr\/wp-json\/wp\/v2\/media?parent=513818"}],"wp:term":[{"taxonomy":"product_brand","embeddable":true,"href":"https:\/\/2furn.be\/fr\/wp-json\/wp\/v2\/product_brand?post=513818"},{"taxonomy":"product_cat","embeddable":true,"href":"https:\/\/2furn.be\/fr\/wp-json\/wp\/v2\/product_cat?post=513818"},{"taxonomy":"product_tag","embeddable":true,"href":"https:\/\/2furn.be\/fr\/wp-json\/wp\/v2\/product_tag?post=513818"}],"curies":[{"name":"wp","href":"https:\/\/api.w.org\/{rel}","templated":true}]}}

<p>La série Mic est une chaise de salle à manger au design scandinave qui respire la classe. Cette chaise de salle à manger présente un dossier incurvé, une assise confortable et des pieds fins. La base de cette chaise de salle à manger au design scandinave est un pied en bois minimaliste.</p>
<p>Idéal pour les intérieurs modernes qui allient style et fonctionnalité. Faites l'expérience d'une élégance intemporelle dans votre maison avec la collection exclusive de meubles Mic. Cette chaise de salle à manger s'associe parfaitement à notre collection de tables tendance.</p>

<table>
<tbody>
<tr>
<td width="110"></td>
<td width="300"></td>
</tr>
<tr>
<td width="110">Matériel:</td>
<td width="300">Tissu</td>
</tr>
<tr>
<td width="110">Châssis:</td>
<td width="300">Pieds en bois</td>
</tr>
<tr>
<td width="110">Largeur:</td>
<td width="300">55 cm (Z:50)</td>
</tr>
<tr>
<td width="110">Hauteur:</td>
<td width="300">78 cm (Z:49 | A :)</td>
</tr>
<tr>
<td width="110">Profondeur:</td>
<td width="300">58 cm (Z:46)</td>
</tr>
</tbody>
</table>
<p>&nbsp;</p>
