{"id":513175,"date":"2025-06-03T16:02:11","date_gmt":"2025-06-03T14:02:11","guid":{"rendered":"https:\/\/2furn.be\/?post_type=product&#038;p=513175"},"modified":"2026-04-27T00:00:19","modified_gmt":"2026-04-26T22:00:19","slug":"jes-sxxx","status":"publish","type":"product","link":"https:\/\/2furn.be\/fr\/product\/jes-sxxx\/","title":{"rendered":"Jes S120"},"content":{"rendered":"<p>La Jes S120 est une table basse au design naturel en bois dur durable avec un pied en m\u00e9tal. Cette table basse a un pied en forme d'araign\u00e9e et un plateau ovale au design danois. La base de cette table basse au design naturel est un pied en m\u00e9tal en forme d'araign\u00e9e \/ pied matriciel.<span class=\"Apple-converted-space\">\u00a0<\/span><\/p>\n<p>La s\u00e9rie Jes est r\u00e9alis\u00e9e en finition claire. Elle est id\u00e9ale pour les int\u00e9rieurs modernes qui allient style et fonctionnalit\u00e9. Faites l'exp\u00e9rience d'une \u00e9l\u00e9gance intemporelle dans votre maison avec la collection exclusive de meubles Jes.<\/p>","protected":false},"excerpt":{"rendered":"<table>\n<tbody>\n<tr>\n<td width=\"110\"><\/td>\n<td width=\"300\"><\/td>\n<\/tr>\n<tr>\n<td width=\"110\">Mat\u00e9riel:<\/td>\n<td width=\"300\">Bois dur durable<\/td>\n<\/tr>\n<tr>\n<td width=\"110\">Couleur:<\/td>\n<td width=\"300\">Marron (clair)<\/td>\n<\/tr>\n<tr>\n<td width=\"110\">Finition:<\/td>\n<td width=\"300\">Finition l\u00e9g\u00e8re<\/td>\n<\/tr>\n<\/tbody>\n<\/table>","protected":false},"featured_media":513177,"template":"","meta":{"_seopress_robots_primary_cat":"none","_seopress_titles_title":"Jes S120 | naturel design salontafel met metalen poot","_seopress_titles_desc":"Naturel design salontafel in duurzaam hardhout met metalen poot. Deze salontafel is uitgevoerd met een spinpoot en Deens design ovaal blad.","_seopress_robots_index":""},"product_brand":[],"product_cat":[62,54],"product_tag":[52,126,78,44],"class_list":{"0":"post-513175","1":"product","2":"type-product","3":"status-publish","4":"has-post-thumbnail","6":"product_cat-salontafel","7":"product_cat-tafels","8":"product_tag-design-meubelen","9":"product_tag-lichte-finish","10":"product_tag-metaal","11":"product_tag-moderne-meubels","13":"first","14":"instock","15":"taxable","16":"shipping-taxable","17":"purchasable","18":"product-type-variable"},"_links":{"self":[{"href":"https:\/\/2furn.be\/fr\/wp-json\/wp\/v2\/product\/513175","targetHints":{"allow":["GET"]}}],"collection":[{"href":"https:\/\/2furn.be\/fr\/wp-json\/wp\/v2\/product"}],"about":[{"href":"https:\/\/2furn.be\/fr\/wp-json\/wp\/v2\/types\/product"}],"version-history":[{"count":1,"href":"https:\/\/2furn.be\/fr\/wp-json\/wp\/v2\/product\/513175\/revisions"}],"predecessor-version":[{"id":513202,"href":"https:\/\/2furn.be\/fr\/wp-json\/wp\/v2\/product\/513175\/revisions\/513202"}],"wp:featuredmedia":[{"embeddable":true,"href":"https:\/\/2furn.be\/fr\/wp-json\/wp\/v2\/media\/513177"}],"wp:attachment":[{"href":"https:\/\/2furn.be\/fr\/wp-json\/wp\/v2\/media?parent=513175"}],"wp:term":[{"taxonomy":"product_brand","embeddable":true,"href":"https:\/\/2furn.be\/fr\/wp-json\/wp\/v2\/product_brand?post=513175"},{"taxonomy":"product_cat","embeddable":true,"href":"https:\/\/2furn.be\/fr\/wp-json\/wp\/v2\/product_cat?post=513175"},{"taxonomy":"product_tag","embeddable":true,"href":"https:\/\/2furn.be\/fr\/wp-json\/wp\/v2\/product_tag?post=513175"}],"curies":[{"name":"wp","href":"https:\/\/api.w.org\/{rel}","templated":true}]}}

<p>La Jes S120 est une table basse au design naturel en bois dur durable avec un pied en métal. Cette table basse a un pied en forme d'araignée et un plateau ovale au design danois. La base de cette table basse au design naturel est un pied en métal en forme d'araignée / pied matriciel.<span class="Apple-converted-space"> </span></p>
<p>La série Jes est réalisée en finition claire. Elle est idéale pour les intérieurs modernes qui allient style et fonctionnalité. Faites l'expérience d'une élégance intemporelle dans votre maison avec la collection exclusive de meubles Jes.</p>

<table>
<tbody>
<tr>
<td width="110"></td>
<td width="300"></td>
</tr>
<tr>
<td width="110">Matériel:</td>
<td width="300">Bois dur durable</td>
</tr>
<tr>
<td width="110">Couleur:</td>
<td width="300">Marron (clair)</td>
</tr>
<tr>
<td width="110">Finition:</td>
<td width="300">Finition légère</td>
</tr>
</tbody>
</table>
