{"id":512817,"date":"2025-06-02T11:34:02","date_gmt":"2025-06-02T09:34:02","guid":{"rendered":"https:\/\/2furn.be\/?post_type=product&#038;p=512817"},"modified":"2026-04-28T00:00:24","modified_gmt":"2026-04-27T22:00:24","slug":"pat-tvxxx","status":"publish","type":"product","link":"https:\/\/2furn.be\/fr\/product\/pat-tvxxx\/","title":{"rendered":"Pat TV170-210"},"content":{"rendered":"<p>Le Pat TV170-210 est un meuble TV beige au look chic et \u00e9l\u00e9gant. Ce meuble TV tendance est dot\u00e9 de c\u00f4t\u00e9s arrondis et de portes battantes. Ce meuble TV beige se caract\u00e9rise par ses lignes \u00e9l\u00e9gantes et arrondies et ses lattes en bois. L'\u00e9l\u00e9ment bas repose sur un \u00e9l\u00e9gant pied en m\u00e9tal. Ce meuble est compos\u00e9 de 1 partie.<\/p>\n<p>La s\u00e9rie Pat est finie dans une couleur beige. Id\u00e9ale pour les int\u00e9rieurs branch\u00e9s qui allient style et fonctionnalit\u00e9. D\u00e9couvrez un design intemporel et des lignes \u00e9pur\u00e9es avec la collection de meubles Pat.<\/p>","protected":false},"excerpt":{"rendered":"<table>\n<tbody>\n<tr>\n<td width=\"110\"><\/td>\n<td width=\"300\"><\/td>\n<\/tr>\n<tr>\n<td width=\"110\">Mat\u00e9riel:<\/td>\n<td width=\"300\">Bois dur durable + m\u00e9tal<\/td>\n<\/tr>\n<tr>\n<td width=\"110\">Couleur:<\/td>\n<td width=\"300\">Beige<\/td>\n<\/tr>\n<tr>\n<td width=\"110\">Finition:<\/td>\n<td width=\"300\">Finition l\u00e9g\u00e8re<\/td>\n<\/tr>\n<\/tbody>\n<\/table>\n<p>&nbsp;<\/p>","protected":false},"featured_media":512825,"template":"","meta":{"_seopress_robots_primary_cat":"none","_seopress_titles_title":"Pat TV170-210 | beige Tv-meubel met chique uitstraling","_seopress_titles_desc":"Beige Tv-meubel met chique, stijlvolle uitstraling. Dit trendy Tv-meubel is uitgevoerd met afgeronde zijkanten en draaideuren.","_seopress_robots_index":""},"product_brand":[],"product_cat":[68],"product_tag":[131,43,44,125],"class_list":{"0":"post-512817","1":"product","2":"type-product","3":"status-publish","4":"has-post-thumbnail","6":"product_cat-tv-meubels","7":"product_tag-beige-finish","8":"product_tag-landelijke-meubels","9":"product_tag-moderne-meubels","10":"product_tag-retro-meubelen","12":"first","13":"instock","14":"taxable","15":"shipping-taxable","16":"purchasable","17":"product-type-variable"},"_links":{"self":[{"href":"https:\/\/2furn.be\/fr\/wp-json\/wp\/v2\/product\/512817","targetHints":{"allow":["GET"]}}],"collection":[{"href":"https:\/\/2furn.be\/fr\/wp-json\/wp\/v2\/product"}],"about":[{"href":"https:\/\/2furn.be\/fr\/wp-json\/wp\/v2\/types\/product"}],"version-history":[{"count":0,"href":"https:\/\/2furn.be\/fr\/wp-json\/wp\/v2\/product\/512817\/revisions"}],"wp:featuredmedia":[{"embeddable":true,"href":"https:\/\/2furn.be\/fr\/wp-json\/wp\/v2\/media\/512825"}],"wp:attachment":[{"href":"https:\/\/2furn.be\/fr\/wp-json\/wp\/v2\/media?parent=512817"}],"wp:term":[{"taxonomy":"product_brand","embeddable":true,"href":"https:\/\/2furn.be\/fr\/wp-json\/wp\/v2\/product_brand?post=512817"},{"taxonomy":"product_cat","embeddable":true,"href":"https:\/\/2furn.be\/fr\/wp-json\/wp\/v2\/product_cat?post=512817"},{"taxonomy":"product_tag","embeddable":true,"href":"https:\/\/2furn.be\/fr\/wp-json\/wp\/v2\/product_tag?post=512817"}],"curies":[{"name":"wp","href":"https:\/\/api.w.org\/{rel}","templated":true}]}}

<p>Le Pat TV170-210 est un meuble TV beige au look chic et élégant. Ce meuble TV tendance est doté de côtés arrondis et de portes battantes. Ce meuble TV beige se caractérise par ses lignes élégantes et arrondies et ses lattes en bois. L'élément bas repose sur un élégant pied en métal. Ce meuble est composé de 1 partie.</p>
<p>La série Pat est finie dans une couleur beige. Idéale pour les intérieurs branchés qui allient style et fonctionnalité. Découvrez un design intemporel et des lignes épurées avec la collection de meubles Pat.</p>

<table>
<tbody>
<tr>
<td width="110"></td>
<td width="300"></td>
</tr>
<tr>
<td width="110">Matériel:</td>
<td width="300">Bois dur durable + métal</td>
</tr>
<tr>
<td width="110">Couleur:</td>
<td width="300">Beige</td>
</tr>
<tr>
<td width="110">Finition:</td>
<td width="300">Finition légère</td>
</tr>
</tbody>
</table>
<p>&nbsp;</p>
