{"id":512567,"date":"2025-06-01T19:38:55","date_gmt":"2025-06-01T17:38:55","guid":{"rendered":"https:\/\/2furn.be\/?post_type=product&#038;p=512567"},"modified":"2025-06-01T19:44:28","modified_gmt":"2025-06-01T17:44:28","slug":"ela-xxx","status":"publish","type":"product","link":"https:\/\/2furn.be\/fr\/product\/ela-xxx\/","title":{"rendered":"Ela 180"},"content":{"rendered":"<p>L'Ela 135-180 est un buffet \u00e0 compartiments ouverts. Ce meuble aux lignes \u00e9pur\u00e9es est \u00e9quip\u00e9 de portes battantes. Ce buffet se caract\u00e9rise par son style minimaliste et ses compartiments ouverts. Le dessus est dot\u00e9 d'une corniche moderne et le meuble bas repose sur un pied m\u00e9tallique \u00e9pur\u00e9. Ce meuble se compose d'une seule partie.<span class=\"Apple-converted-space\">\u00a0<\/span><\/p>\n<p>La s\u00e9rie Ela est r\u00e9alis\u00e9e en finition claire. Id\u00e9ale pour les int\u00e9rieurs modernes qui allient style et fonctionnalit\u00e9. Faites l'exp\u00e9rience d'une \u00e9l\u00e9gance intemporelle dans votre maison avec la collection exclusive de meubles Ela.<\/p>","protected":false},"excerpt":{"rendered":"<table>\n<tbody>\n<tr>\n<td width=\"110\"><\/td>\n<td width=\"300\"><\/td>\n<\/tr>\n<tr>\n<td width=\"110\">Mat\u00e9riel:<\/td>\n<td width=\"300\">Bois dur durable + m\u00e9tal<\/td>\n<\/tr>\n<tr>\n<td width=\"110\">Couleur:<\/td>\n<td width=\"300\">Marron (clair)<\/td>\n<\/tr>\n<tr>\n<td width=\"110\">Finition:<\/td>\n<td width=\"300\">Finition l\u00e9g\u00e8re<\/td>\n<\/tr>\n<\/tbody>\n<\/table>","protected":false},"featured_media":512570,"template":"","meta":{"_seopress_robots_primary_cat":"none","_seopress_titles_title":"Ela 135-180 | buffetkast met open vakken","_seopress_titles_desc":"Buffetkast met open vakken. Deze strakke kast is uitgevoerd met draaideuren en typeert zich door de minimalistische stijl en open vakken.","_seopress_robots_index":""},"product_brand":[],"product_cat":[90,47,39,132],"product_tag":[52,126,78,125],"class_list":{"0":"post-512567","1":"product","2":"type-product","3":"status-publish","4":"has-post-thumbnail","6":"product_cat-boekenkast","7":"product_cat-buffetkast","8":"product_cat-kasten","9":"product_cat-wandkast","10":"product_tag-design-meubelen","11":"product_tag-lichte-finish","12":"product_tag-metaal","13":"product_tag-retro-meubelen","15":"first","16":"onbackorder","17":"taxable","18":"shipping-taxable","19":"product-type-variable"},"_links":{"self":[{"href":"https:\/\/2furn.be\/fr\/wp-json\/wp\/v2\/product\/512567","targetHints":{"allow":["GET"]}}],"collection":[{"href":"https:\/\/2furn.be\/fr\/wp-json\/wp\/v2\/product"}],"about":[{"href":"https:\/\/2furn.be\/fr\/wp-json\/wp\/v2\/types\/product"}],"version-history":[{"count":1,"href":"https:\/\/2furn.be\/fr\/wp-json\/wp\/v2\/product\/512567\/revisions"}],"predecessor-version":[{"id":512579,"href":"https:\/\/2furn.be\/fr\/wp-json\/wp\/v2\/product\/512567\/revisions\/512579"}],"wp:featuredmedia":[{"embeddable":true,"href":"https:\/\/2furn.be\/fr\/wp-json\/wp\/v2\/media\/512570"}],"wp:attachment":[{"href":"https:\/\/2furn.be\/fr\/wp-json\/wp\/v2\/media?parent=512567"}],"wp:term":[{"taxonomy":"product_brand","embeddable":true,"href":"https:\/\/2furn.be\/fr\/wp-json\/wp\/v2\/product_brand?post=512567"},{"taxonomy":"product_cat","embeddable":true,"href":"https:\/\/2furn.be\/fr\/wp-json\/wp\/v2\/product_cat?post=512567"},{"taxonomy":"product_tag","embeddable":true,"href":"https:\/\/2furn.be\/fr\/wp-json\/wp\/v2\/product_tag?post=512567"}],"curies":[{"name":"wp","href":"https:\/\/api.w.org\/{rel}","templated":true}]}}

<p>L'Ela 135-180 est un buffet à compartiments ouverts. Ce meuble aux lignes épurées est équipé de portes battantes. Ce buffet se caractérise par son style minimaliste et ses compartiments ouverts. Le dessus est doté d'une corniche moderne et le meuble bas repose sur un pied métallique épuré. Ce meuble se compose d'une seule partie.<span class="Apple-converted-space"> </span></p>
<p>La série Ela est réalisée en finition claire. Idéale pour les intérieurs modernes qui allient style et fonctionnalité. Faites l'expérience d'une élégance intemporelle dans votre maison avec la collection exclusive de meubles Ela.</p>

<table>
<tbody>
<tr>
<td width="110"></td>
<td width="300"></td>
</tr>
<tr>
<td width="110">Matériel:</td>
<td width="300">Bois dur durable + métal</td>
</tr>
<tr>
<td width="110">Couleur:</td>
<td width="300">Marron (clair)</td>
</tr>
<tr>
<td width="110">Finition:</td>
<td width="300">Finition légère</td>
</tr>
</tbody>
</table>
