{"id":513879,"date":"2025-06-13T13:56:41","date_gmt":"2025-06-13T11:56:41","guid":{"rendered":"https:\/\/2furn.be\/?post_type=product&#038;p=513879"},"modified":"2026-04-27T00:00:21","modified_gmt":"2026-04-26T22:00:21","slug":"brix-log-xx","status":"publish","type":"product","link":"https:\/\/2furn.be\/de\/product\/brix-log-xx\/","title":{"rendered":"Brix Log 90"},"content":{"rendered":"<p>Der Brix Log 90 ist ein organischer Raumteiler in Holz oder wei\u00dfer Farbe. Dieser organische Raumteiler oder offene Schrank ist mit Regalen f\u00fcr B\u00fccher oder andere Accessoires ausgestattet. Dieser offene Raumtrenner zeichnet sich durch seine organische Form aus. Die Platte ist mit einer abgerundeten Hohlkehle versehen und der Unterschrank steht auf einem geraden Bein. Dieses M\u00f6belst\u00fcck besteht aus 1 Teil.<\/p>","protected":false},"excerpt":{"rendered":"<table>\n<tbody>\n<tr>\n<td width=\"110\"><\/td>\n<td width=\"300\"><\/td>\n<\/tr>\n<tr>\n<td width=\"110\">Material:<\/td>\n<td width=\"300\">Furnier<\/td>\n<\/tr>\n<tr>\n<td width=\"110\">Farbe:<\/td>\n<td width=\"300\">Braun \/ Wei\u00df<\/td>\n<\/tr>\n<tr>\n<td width=\"110\">Verarbeitung:<\/td>\n<td width=\"300\">Leichte Finish<\/td>\n<\/tr>\n<\/tbody>\n<\/table>\n<p>&nbsp;<\/p>","protected":false},"featured_media":513878,"template":"","meta":{"_seopress_robots_primary_cat":"none","_seopress_titles_title":"Brix Log 90 | organische room divider in hout of wit","_seopress_titles_desc":"Organische room divider in hout of witte kleur. Deze organische room divider of open kast is uitgevoerd met schappen voor boeken of accessoires","_seopress_robots_index":""},"product_brand":[],"product_cat":[98,90,39,91,132],"product_tag":[52,126,44],"class_list":{"0":"post-513879","1":"product","2":"type-product","3":"status-publish","4":"has-post-thumbnail","6":"product_cat-accessoires","7":"product_cat-boekenkast","8":"product_cat-kasten","9":"product_cat-overige","10":"product_cat-wandkast","11":"product_tag-design-meubelen","12":"product_tag-lichte-finish","13":"product_tag-moderne-meubels","15":"first","16":"instock","17":"taxable","18":"shipping-taxable","19":"purchasable","20":"product-type-variable"},"_links":{"self":[{"href":"https:\/\/2furn.be\/de\/wp-json\/wp\/v2\/product\/513879","targetHints":{"allow":["GET"]}}],"collection":[{"href":"https:\/\/2furn.be\/de\/wp-json\/wp\/v2\/product"}],"about":[{"href":"https:\/\/2furn.be\/de\/wp-json\/wp\/v2\/types\/product"}],"version-history":[{"count":0,"href":"https:\/\/2furn.be\/de\/wp-json\/wp\/v2\/product\/513879\/revisions"}],"wp:featuredmedia":[{"embeddable":true,"href":"https:\/\/2furn.be\/de\/wp-json\/wp\/v2\/media\/513878"}],"wp:attachment":[{"href":"https:\/\/2furn.be\/de\/wp-json\/wp\/v2\/media?parent=513879"}],"wp:term":[{"taxonomy":"product_brand","embeddable":true,"href":"https:\/\/2furn.be\/de\/wp-json\/wp\/v2\/product_brand?post=513879"},{"taxonomy":"product_cat","embeddable":true,"href":"https:\/\/2furn.be\/de\/wp-json\/wp\/v2\/product_cat?post=513879"},{"taxonomy":"product_tag","embeddable":true,"href":"https:\/\/2furn.be\/de\/wp-json\/wp\/v2\/product_tag?post=513879"}],"curies":[{"name":"wp","href":"https:\/\/api.w.org\/{rel}","templated":true}]}}

<p>Der Brix Log 90 ist ein organischer Raumteiler in Holz oder weißer Farbe. Dieser organische Raumteiler oder offene Schrank ist mit Regalen für Bücher oder andere Accessoires ausgestattet. Dieser offene Raumtrenner zeichnet sich durch seine organische Form aus. Die Platte ist mit einer abgerundeten Hohlkehle versehen und der Unterschrank steht auf einem geraden Bein. Dieses Möbelstück besteht aus 1 Teil.</p>

<table>
<tbody>
<tr>
<td width="110"></td>
<td width="300"></td>
</tr>
<tr>
<td width="110">Material:</td>
<td width="300">Furnier</td>
</tr>
<tr>
<td width="110">Farbe:</td>
<td width="300">Braun / Weiß</td>
</tr>
<tr>
<td width="110">Verarbeitung:</td>
<td width="300">Leichte Finish</td>
</tr>
</tbody>
</table>
<p>&nbsp;</p>
