{"id":513307,"date":"2025-06-05T16:15:18","date_gmt":"2025-06-05T14:15:18","guid":{"rendered":"https:\/\/2furn.be\/?post_type=product&#038;p=513307"},"modified":"2026-04-26T00:00:26","modified_gmt":"2026-04-25T22:00:26","slug":"nov-tvxxxfle","status":"publish","type":"product","link":"https:\/\/2furn.be\/de\/product\/nov-tvxxxfle\/","title":{"rendered":"Nov TV140-220FLE"},"content":{"rendered":"<p>Der Nov TV140-220FLE ist ein schwebender, dunkelbrauner TV-Schrank mit einer raffinierten Eichenoptik. Dieser moderne TV-Schrank ist mit abgerundeten Seiten und Fl\u00fcgelt\u00fcren ausgestattet. Dieser trendige, schwebende TV-Schrank zeichnet sich durch seine eleganten, abgerundeten Linien und die Eichenoptik in Dunkelbraun aus. Der Schrank schwebt und muss an der Wand befestigt werden. Dieses M\u00f6belst\u00fcck besteht aus 1 Teil.<\/p>\n<p>Die Serie Nov ist in der Farbe Espresso gehalten und hat eine Struktur aus Eichenfurnier. Ideal f\u00fcr trendige Innenr\u00e4ume, die Stil und Funktionalit\u00e4t vereinen. Erleben Sie zeitloses Design und klare Linien mit der trendigen M\u00f6belkollektion Nov.<\/p>","protected":false},"excerpt":{"rendered":"<table>\n<tbody>\n<tr>\n<td width=\"110\"><\/td>\n<td width=\"300\"><\/td>\n<\/tr>\n<tr>\n<td width=\"110\">Material:<\/td>\n<td width=\"300\">Eiche Furnier<\/td>\n<\/tr>\n<tr>\n<td width=\"110\">Farbe:<\/td>\n<td width=\"300\">Braun (Dunkel)<\/td>\n<\/tr>\n<tr>\n<td width=\"110\">Verarbeitung:<\/td>\n<td width=\"300\">Espresso-Finish<\/td>\n<\/tr>\n<\/tbody>\n<\/table>\n<p>&nbsp;<\/p>","protected":false},"featured_media":513322,"template":"","meta":{"_seopress_robots_primary_cat":"none","_seopress_titles_title":"Nov TV140-220FLE | zwevend donkerbruin Tv-meubel","_seopress_titles_desc":"Zwevend donkerbruin Tv-meubel met een verfijnde, eikenhouten uitstraling. Dit modern Tv-meubel moet bevestigd worden aan de muur.","_seopress_robots_index":""},"product_brand":[],"product_cat":[68],"product_tag":[52,130,44],"class_list":{"0":"post-513307","1":"product","2":"type-product","3":"status-publish","4":"has-post-thumbnail","6":"product_cat-tv-meubels","7":"product_tag-design-meubelen","8":"product_tag-espresso-finish","9":"product_tag-moderne-meubels","11":"first","12":"instock","13":"taxable","14":"shipping-taxable","15":"purchasable","16":"product-type-variable"},"_links":{"self":[{"href":"https:\/\/2furn.be\/de\/wp-json\/wp\/v2\/product\/513307","targetHints":{"allow":["GET"]}}],"collection":[{"href":"https:\/\/2furn.be\/de\/wp-json\/wp\/v2\/product"}],"about":[{"href":"https:\/\/2furn.be\/de\/wp-json\/wp\/v2\/types\/product"}],"version-history":[{"count":1,"href":"https:\/\/2furn.be\/de\/wp-json\/wp\/v2\/product\/513307\/revisions"}],"predecessor-version":[{"id":513325,"href":"https:\/\/2furn.be\/de\/wp-json\/wp\/v2\/product\/513307\/revisions\/513325"}],"wp:featuredmedia":[{"embeddable":true,"href":"https:\/\/2furn.be\/de\/wp-json\/wp\/v2\/media\/513322"}],"wp:attachment":[{"href":"https:\/\/2furn.be\/de\/wp-json\/wp\/v2\/media?parent=513307"}],"wp:term":[{"taxonomy":"product_brand","embeddable":true,"href":"https:\/\/2furn.be\/de\/wp-json\/wp\/v2\/product_brand?post=513307"},{"taxonomy":"product_cat","embeddable":true,"href":"https:\/\/2furn.be\/de\/wp-json\/wp\/v2\/product_cat?post=513307"},{"taxonomy":"product_tag","embeddable":true,"href":"https:\/\/2furn.be\/de\/wp-json\/wp\/v2\/product_tag?post=513307"}],"curies":[{"name":"wp","href":"https:\/\/api.w.org\/{rel}","templated":true}]}}

<p>Der Nov TV140-220FLE ist ein schwebender, dunkelbrauner TV-Schrank mit einer raffinierten Eichenoptik. Dieser moderne TV-Schrank ist mit abgerundeten Seiten und Flügeltüren ausgestattet. Dieser trendige, schwebende TV-Schrank zeichnet sich durch seine eleganten, abgerundeten Linien und die Eichenoptik in Dunkelbraun aus. Der Schrank schwebt und muss an der Wand befestigt werden. Dieses Möbelstück besteht aus 1 Teil.</p>
<p>Die Serie Nov ist in der Farbe Espresso gehalten und hat eine Struktur aus Eichenfurnier. Ideal für trendige Innenräume, die Stil und Funktionalität vereinen. Erleben Sie zeitloses Design und klare Linien mit der trendigen Möbelkollektion Nov.</p>
