{"id":512813,"date":"2025-06-02T11:13:50","date_gmt":"2025-06-02T09:13:50","guid":{"rendered":"https:\/\/2furn.be\/?post_type=product&#038;p=512813"},"modified":"2026-04-28T00:00:25","modified_gmt":"2026-04-27T22:00:25","slug":"nov-tvxxxe","status":"publish","type":"product","link":"https:\/\/2furn.be\/de\/product\/nov-tvxxxe\/","title":{"rendered":"Nov TV140-220E"},"content":{"rendered":"<p>Der Nov TV140-220E ist ein trendiger dunkelbrauner TV-Schrank mit einer edlen Eichenholzoptik. Dieser moderne TV-Schrank hat abgerundete Seiten und Dreht\u00fcren.\u00a0Dieses trendige TV-M\u00f6bel zeichnet sich durch seine eleganten, abgerundeten Linien und seine Eichenholzoptik in Dunkelbraun aus. Der Schrank steht auf einem Untergestell mit flacher Sockelleiste. Dieses M\u00f6belst\u00fcck besteht aus 1 Teil.<span class=\"Apple-converted-space\">\u00a0<\/span><\/p>\n<p>Die Serie Nov ist in der Farbe Espresso gehalten und hat eine Struktur aus Eichenfurnier. Ideal f\u00fcr trendige Innenr\u00e4ume, die Stil und Funktionalit\u00e4t vereinen. Erleben Sie zeitloses Design und klare Linien mit der trendigen M\u00f6belkollektion Nov.<\/p>","protected":false},"excerpt":{"rendered":"<table>\n<tbody>\n<tr>\n<td width=\"110\"><\/td>\n<td width=\"300\"><\/td>\n<\/tr>\n<tr>\n<td width=\"110\">Material:<\/td>\n<td width=\"300\">Eiche Furnier<\/td>\n<\/tr>\n<tr>\n<td width=\"110\">Farbe:<\/td>\n<td width=\"300\">Braun (Dunkel)<\/td>\n<\/tr>\n<tr>\n<td width=\"110\">Verarbeitung:<\/td>\n<td width=\"300\">Espresso-Finish<\/td>\n<\/tr>\n<\/tbody>\n<\/table>\n<p>&nbsp;<\/p>","protected":false},"featured_media":512800,"template":"","meta":{"_seopress_robots_primary_cat":"none","_seopress_titles_title":"Nov TV140-220E | trendy donkerbruin Tv-meubel","_seopress_titles_desc":"Trendy donkerbruin Tv-meubel met een verfijnde, eikenhouten uitstraling. Dit modern Tv-meubel is uitgevoerd met afgeronde zijkanten.","_seopress_robots_index":""},"product_brand":[],"product_cat":[68],"product_tag":[52,130,44],"class_list":{"0":"post-512813","1":"product","2":"type-product","3":"status-publish","4":"has-post-thumbnail","6":"product_cat-tv-meubels","7":"product_tag-design-meubelen","8":"product_tag-espresso-finish","9":"product_tag-moderne-meubels","11":"first","12":"instock","13":"taxable","14":"shipping-taxable","15":"purchasable","16":"product-type-variable"},"_links":{"self":[{"href":"https:\/\/2furn.be\/de\/wp-json\/wp\/v2\/product\/512813","targetHints":{"allow":["GET"]}}],"collection":[{"href":"https:\/\/2furn.be\/de\/wp-json\/wp\/v2\/product"}],"about":[{"href":"https:\/\/2furn.be\/de\/wp-json\/wp\/v2\/types\/product"}],"version-history":[{"count":0,"href":"https:\/\/2furn.be\/de\/wp-json\/wp\/v2\/product\/512813\/revisions"}],"wp:featuredmedia":[{"embeddable":true,"href":"https:\/\/2furn.be\/de\/wp-json\/wp\/v2\/media\/512800"}],"wp:attachment":[{"href":"https:\/\/2furn.be\/de\/wp-json\/wp\/v2\/media?parent=512813"}],"wp:term":[{"taxonomy":"product_brand","embeddable":true,"href":"https:\/\/2furn.be\/de\/wp-json\/wp\/v2\/product_brand?post=512813"},{"taxonomy":"product_cat","embeddable":true,"href":"https:\/\/2furn.be\/de\/wp-json\/wp\/v2\/product_cat?post=512813"},{"taxonomy":"product_tag","embeddable":true,"href":"https:\/\/2furn.be\/de\/wp-json\/wp\/v2\/product_tag?post=512813"}],"curies":[{"name":"wp","href":"https:\/\/api.w.org\/{rel}","templated":true}]}}

<p>Der Nov TV140-220E ist ein trendiger dunkelbrauner TV-Schrank mit einer edlen Eichenholzoptik. Dieser moderne TV-Schrank hat abgerundete Seiten und Drehtüren. Dieses trendige TV-Möbel zeichnet sich durch seine eleganten, abgerundeten Linien und seine Eichenholzoptik in Dunkelbraun aus. Der Schrank steht auf einem Untergestell mit flacher Sockelleiste. Dieses Möbelstück besteht aus 1 Teil.<span class="Apple-converted-space"> </span></p>
<p>Die Serie Nov ist in der Farbe Espresso gehalten und hat eine Struktur aus Eichenfurnier. Ideal für trendige Innenräume, die Stil und Funktionalität vereinen. Erleben Sie zeitloses Design und klare Linien mit der trendigen Möbelkollektion Nov.</p>
