{"id":512669,"date":"2025-06-01T20:53:31","date_gmt":"2025-06-01T18:53:31","guid":{"rendered":"https:\/\/2furn.be\/?post_type=product&#038;p=512669"},"modified":"2026-04-26T00:00:24","modified_gmt":"2026-04-25T22:00:24","slug":"sal-xxx","status":"publish","type":"product","link":"https:\/\/2furn.be\/de\/product\/sal-xxx\/","title":{"rendered":"Sal 115"},"content":{"rendered":"<p>Der Sal 115 ist ein moderner Wandschrank mit rundem Design und markanten Beinen. Dieser Holzschrank hat abgerundete Seiten und Fl\u00fcgelt\u00fcren. Dieser moderne H\u00e4ngeschrank zeichnet sich durch ein rundes Design und die typischen runden Beine aus. Die Platte ist mit einer modernen Hohlkehle versehen und der Unterschrank steht auf einem schlanken, runden Bein. Dieses M\u00f6belst\u00fcck besteht aus 1 Teil.<\/p>\n<p>Die Serie Sal ist in einem hellen Farbton gehalten. Ideal f\u00fcr trendige Innenr\u00e4ume, die Stil und Funktionalit\u00e4t vereinen. Erleben Sie zeitloses Design und klare Linien mit der trendigen M\u00f6belkollektion Sal.<\/p>","protected":false},"excerpt":{"rendered":"<table>\n<tbody>\n<tr>\n<td width=\"110\"><\/td>\n<td width=\"300\"><\/td>\n<\/tr>\n<tr>\n<td width=\"110\">Material:<\/td>\n<td width=\"300\">Nachhaltiges Hartholz<\/td>\n<\/tr>\n<tr>\n<td width=\"110\">Farbe:<\/td>\n<td width=\"300\">Braun (hell)<\/td>\n<\/tr>\n<tr>\n<td width=\"110\">Verarbeitung:<\/td>\n<td width=\"300\">Leichte Finish<\/td>\n<\/tr>\n<\/tbody>\n<\/table>\n<p>&nbsp;<\/p>","protected":false},"featured_media":512671,"template":"","meta":{"_seopress_robots_primary_cat":"none","_seopress_titles_title":"Sal 115 | moderne wandkast met rond design","_seopress_titles_desc":"Moderne wandkast met rond design en opvallende poten. Deze houten kast is uitgevoerd met afgeronde zijkanten en draaideuren.","_seopress_robots_index":""},"product_brand":[],"product_cat":[47,39,132],"product_tag":[43,126,44],"class_list":{"0":"post-512669","1":"product","2":"type-product","3":"status-publish","4":"has-post-thumbnail","6":"product_cat-buffetkast","7":"product_cat-kasten","8":"product_cat-wandkast","9":"product_tag-landelijke-meubels","10":"product_tag-lichte-finish","11":"product_tag-moderne-meubels","13":"first","14":"onbackorder","15":"taxable","16":"shipping-taxable","17":"purchasable","18":"product-type-variable"},"_links":{"self":[{"href":"https:\/\/2furn.be\/de\/wp-json\/wp\/v2\/product\/512669","targetHints":{"allow":["GET"]}}],"collection":[{"href":"https:\/\/2furn.be\/de\/wp-json\/wp\/v2\/product"}],"about":[{"href":"https:\/\/2furn.be\/de\/wp-json\/wp\/v2\/types\/product"}],"version-history":[{"count":0,"href":"https:\/\/2furn.be\/de\/wp-json\/wp\/v2\/product\/512669\/revisions"}],"wp:featuredmedia":[{"embeddable":true,"href":"https:\/\/2furn.be\/de\/wp-json\/wp\/v2\/media\/512671"}],"wp:attachment":[{"href":"https:\/\/2furn.be\/de\/wp-json\/wp\/v2\/media?parent=512669"}],"wp:term":[{"taxonomy":"product_brand","embeddable":true,"href":"https:\/\/2furn.be\/de\/wp-json\/wp\/v2\/product_brand?post=512669"},{"taxonomy":"product_cat","embeddable":true,"href":"https:\/\/2furn.be\/de\/wp-json\/wp\/v2\/product_cat?post=512669"},{"taxonomy":"product_tag","embeddable":true,"href":"https:\/\/2furn.be\/de\/wp-json\/wp\/v2\/product_tag?post=512669"}],"curies":[{"name":"wp","href":"https:\/\/api.w.org\/{rel}","templated":true}]}}

<p>Der Sal 115 ist ein moderner Wandschrank mit rundem Design und markanten Beinen. Dieser Holzschrank hat abgerundete Seiten und Flügeltüren. Dieser moderne Hängeschrank zeichnet sich durch ein rundes Design und die typischen runden Beine aus. Die Platte ist mit einer modernen Hohlkehle versehen und der Unterschrank steht auf einem schlanken, runden Bein. Dieses Möbelstück besteht aus 1 Teil.</p>
<p>Die Serie Sal ist in einem hellen Farbton gehalten. Ideal für trendige Innenräume, die Stil und Funktionalität vereinen. Erleben Sie zeitloses Design und klare Linien mit der trendigen Möbelkollektion Sal.</p>
